) = -d**3 + 10*d**2 - 20*d + 6. Give s(3).
9
Let p(y) = -y**3 + 8*y**2 + 3*y + 8. Calculate p(8).
32
Let x(y) = -3*y**3 - y**2 - 2. Calculate x(-2).
18
Let m(w) = -5*w - 29. Give m(-6).
1
Let s(m) = -m**2 - 12*m - 11. Give s(-12).
-11
Let q(m) = m**3 + 21*m**2 + 39*m + 15. What is q(-19)?
-4
Let f(u) = -7*u**3 - u - 1. Give f(-1).
7
Let w(p) = -63*p - 266. Give w(-4).
-14
Let m(k) = k**3 - 7*k**2 - 17*k + 2. What is m(9)?
11
Let d(j) = j**3 - 5*j**2 - j - 7. What is d(5)?
-12
Let q(m) = m - 4. Give q(5).
1
Let o(x) = -x**3 - 8*x**2 + 7*x - 18. Calculate o(-9).
0
Let u(m) = -m**2 + 3*m + 13. Determine u(-3).
-5
Let k(h) = -20*h + 98. Give k(5).
-2
Let y(t) = -16*t + 4. What is y(2)?
-28
Let u(x) = -3*x**2 + 21*x + 100. Determine u(10).
10
Let n(j) = -4*j - 20. Determine n(-4).
-4
Let k(q) = -q**3 - q**2 + 4*q - 3. Give k(-4).
29
Let p(u) = 9*u - 37. Give p(7).
26
Let o(b) = 2*b**2 - 2*b - 216. Calculate o(11).
4
Let t(c) = -4*c**2 + 15*c - 3. Calculate t(2).
11
Let h(u) = u**3 + 19*u**2 + 21*u + 42. What is h(-18)?
-12
Let f(t) = -7*t - 52. What is f(-8)?
4
Let q(c) = c**3 + 5*c**2 + 5*c + 14. What is q(-4)?
10
Let v(a) = 3*a - 13. What is v(6)?
5
Let z(r) = 13*r - 91. Give z(6).
-13
Let h(w) = -3*w + 12. Calculate h(3).
3
Let x(t) = t**3 - 26*t**2 + 25*t - 12. Calculate x(25).
-12
Let o(y) = -y**3 + 7*y**2 + 10. Give o(7).
10
Let c(v) = -44*v - 6. Give c(0).
-6
Let d(n) = -14*n + 2. Determine d(-2).
30
Let a(n) = -3*n**3 + 12*n**2 - 3*n + 1. What is a(3)?
19
Let g(b) = -6*b + 4. Give g(-1).
10
Let u(v) = -3*v**2 + 36*v - 4. What is u(12)?
-4
Let k(r) = r**2 + 20*r - 64. Determine k(-23).
5
Let h(d) = -d**2 - 3*d + 7. Give h(-5).
-3
Let g(l) = 4*l**2 - 19*l - 22. Give g(6).
8
Let n(x) = -5*x**2 + 9*x - 19. Determine n(2).
-21
Let s(t) = -2*t + 39. Determine s(17).
5
Let q(k) = k**3 + k**2 + 2*k - 1. Determine q(-4).
-57
Let f(n) = -n**2 - 25*n - 70. Calculate f(-18).
56
Let y(k) = -k**3 - 3*k**2 + 9*k + 21. Calculate y(-4).
1
Let c(l) = -2*l**2 - 22*l + 14. Calculate c(-12).
-10
Let g(t) = t + 8. Give g(-9).
-1
Let v(d) = 63*d - 9. Determine v(0).
-9
Let m(i) = -i**3 + 13*i**2 - 9*i - 1. What is m(12)?
35
Let h(w) = -6*w + 61. Give h(10).
1
Let w(c) = c**3 - 9*c**2 + c - 9. What is w(8)?
-65
Let r(m) = -6*m**3 + 4*m**2 + 2*m - 6. Give r(2).
-34
Let g(n) = -n**3 + 7*n**2 - 11*n - 4. Give g(4).
0
Let o(g) = 2*g**3 - 3*g + 14. Give o(3).
59
Let k(r) = r**3 + 7*r**2 - 8*r + 8. Calculate k(-8).
8
Let s(w) = -w**3 + 8*w**2 - 14*w + 5. What is s(6)?
-7
Let x(u) = -u**3 - u + 19. What is x(0)?
19
Let k(d) = d**2 + 4. Determine k(-4).
20
Let d(a) = a**3 + 3*a**2 + 5*a + 14. What is d(-4)?
-22
Let f(h) = -h**3 + 33*h**2 + 32*h + 61. What is f(34)?
-7
Let t(o) = -o**2 - 16*o - 58. What is t(-7)?
5
Let w(q) = -16*q + 2. Determine w(-2).
34
Let l(m) = m**3 + 9*m**2 - 13*m - 3. Give l(-10).
27
Let j(a) = 2*a**2 - a - 6. Give j(5).
39
Let s(a) = a + 20. What is s(0)?
20
Let h(w) = -11*w + 6. Give h(5).
-49
Let m(n) = -10*n - 2. What is m(-3)?
28
Let l(d) = 6*d - 49. What is l(7)?
-7
Let g(s) = s + 1. What is g(8)?
9
Let b(i) = i**2 - 15*i + 57. Calculate b(10).
7
Let f(t) = 15*t - 1. Determine f(-1).
-16
Let u(w) = w**3 + 3*w**2 - w - 2. What is u(-4)?
-14
Let y(i) = -75*i**3 + i**2 + i + 1. Determine y(-1).
76
Let d(y) = y**3 - 7*y**2 + 5*y + 7. Determine d(6).
1
Let m(b) = -b**2 - 22*b + 72. Calculate m(-26).
-32
Let a(o) = 2*o**2 + 9*o - 7. Give a(-8).
49
Let m(r) = -6*r**2 - 13*r + 2. Give m(2).
-48
Let f(v) = -v**2 + 4*v - 7. Give f(5).
-12
Let z(m) = -22*m + 1. Give z(-1).
23
Let n(p) = p**3 - 7*p**2 + 9*p - 2. What is n(5)?
-7
Let o(d) = -d**2 - 9*d + 64. Give o(7).
-48
Let q(f) = -f**3 - 5*f**2 + 28*f + 136. Give q(-6).
4
Let k(y) = -y**2 + 19*y - 51. What is k(16)?
-3
Let t(r) = r**3 + 13*r**2 + 13*r + 13. Give t(-12).
1
Let c(y) = y**3 + 8*y**2 - y - 12. Determine c(-8).
-4
Let v(n) = -n**3 + 3*n**2 - 7*n + 3. Determine v(5).
-82
Let i(u) = -3*u**2 - 5*u - 3. Give i(-3).
-15
Let c(l) = -l**3 + 3*l**2 + 13*l - 8. Calculate c(6).
-38
Let l(o) = -14*o - 52. Give l(-5).
18
Let z(x) = -x - 16. Determine z(13).
-29
Let x(j) = -j**3 + 4*j + 5. Determine x(-3).
20
Let o(x) = 4*x. Determine o(4).
16
Let o(t) = t**2 + 6*t + 18. Give o(-4).
10
Let l(j) = 10*j**2 + 3*j. What is l(-2)?
34
Let v(p) = -2*p + 5. Calculate v(-3).
11
Let v(p) = -2*p**2 + 8*p - 12. Determine v(5).
-22
Let q(t) = -9*t**3 + 2*t**2 + 3*t - 1. What is q(3)?
-217
Let o(h) = h**2 - 34*h - 127. Calculate o(37).
-16
Let b(p) = 20*p**2 + 221*p + 5. Give b(-11).
-6
Let m(a) = 5*a**2 + 31*a - 34. Determine m(-7).
-6
Let u(q) = -q**3 - 5*q**2 - 5*q - 9. Determine u(-4).
-5
Let c(k) = k**2 - 150*k + 578. What is c(4)?
-6
Let j(q) = q**2 + 8*q + 12. Give j(-8).
12
Let b(d) = 8*d - 3. Determine b(4).
29
Let t(d) = d**3 + 7*d**2 - 2*d - 7. Calculate t(-7).
7
Let k(i) = i**3 - 12*i**2 - 15*i - 14. Give k(13).
-40
Let b(s) = -s**2 + 23. Determine b(0).
23
Let q(x) = 17*x - 89. Calculate q(5).
-4
Let s(a) = 3*a**2 + 2*a - 2. Calculate s(-3).
19
Let t(n) = -5*n + 25. What is t(4)?
5
Let q(j) = -7*j**2 + 7*j + 1. What is q(3)?
-41
Let j(g) = g**3 - 10*g**2 + 19*g + 4. What is j(3)?
-2
Let p(j) = -j**3 - 14*j**2 - 22*j + 18. What is p(-12)?
-6
Let c(i) = -i**3 + 8*i**2 - 8*i - 2. Give c(6).
22
Let l(f) = f**2 + 8*f - 19. What is l(-8)?
-19
Let i(v) = -v**2 - 11*v - 23. Calculate i(-3).
1
Let i(l) = 37*l + 10. Give i(-3).
-101
Let i(q) = q**3 + 8*q**2 - 21*q + 13. What is i(-10)?
23
Let s(q) = -q**2 - 2*q + 3. Give s(6).
-45
Let y(k) = 8*k - 4. What is y(2)?
12
Let j(d) = d**3 - d**2 + 3*d + 4. What is j(-4)?
-88
Let m(j) = -j**3 - 5*j**2 - 2*j - 4. Calculate m(-5).
6
Let p(f) = f**2 - f - 3. Determine p(0).
-3
Let d(l) = -l**3 - 3*l**2 + 29*l - 5. Determine d(4).
-1
Let r(s) = -2*s**3 + 19*s**2 - 9*s - 27. What is r(9)?
-27
Let a(n) = 2*n**2 - 48*n - 6. Determine a(24).
-6
Let p(t) = -2*t**3 + 4*t**2 + 3. Determine p(4).
-61
Let b(u) = u**2 + 22*u - 85. Give b(-25).
-10
Let o(y) = -12*y + 41. Calculate o(5).
-19
Let i(v) = v**2 - 10*v - 35. Calculate i(12).
-11
Let t(x) = -x**2 + 5*x - 20. Determine t(7).
-34
Let y(i) = -7*i**2 - 2*i + 1. Calculate y(2).
-31
Let y(h) = -h**3 - 5*h**2 - h - 7. Determine y(-5).
-2
Let u(c) = -2*c**2 + 17*c + 8. Determine u(9).
-1
Let b(o) = -o**2 + 3*o - 9. Give b(4).
-13
Let m(y) = 2*y**2 + 19*y. Give m(0).
0
Let k(c) = 2*c**3 + 4*c + 4. Calculate k(-2).
-20
Let t(r) = -2*r - 8. What is t(-2)?
-4
Let b(s) = -s**3 - 11*s**2 + 3. What is b(-11)?
3
Let u(o) = 2*o**3 - 13*o**2 + 6*o - 1. Give u(6).
-1
Let q(b) = -3*b - 5. What is q(-10)?
25
Let m(b) = 3*b - 10. Determine m(14).
32
Let h(o) = -o**3 - 19*o**2 - 7*o - 41. Give h(-19).
92
Let s(l) = l**3 + 32*l**2 - 71*l - 43. Determine s(-34).
59
Let p(z) = 3*z**2 - 51*z + 25. What is p(20)?
205
Let q(r) = r + 8. Calculate q(0).
8
Let f(t) = t**2 + 9*t - 5. Calculate f(-7).
-19
Let b(a) = a**3 + 4*a**2 - 11*a - 33. What is b(-3)?
9
Let p(c) = 4*c**2 + 12*c + 3. Calculate p(-5).
43
Let z(k) = 7*k + 6. Calculate z(4).
34
Let s(i) = -i**3 + 2*i**2 + 11*i - 2. Determine s(-3).
10
Let v(g) = -6*g - 42. Determine v(-25).
108
Let q(t) = -2*t**2 + 5*t - 28. Determine q(3).
-31
Let q(f) = -f**2 + 9*f - 30. Give q(4).
-10
Let t(d) = -5*d + 144. What is t(0)?
144
Let y(c) = c**3 - 12*c**2 + 10*c + 3. Determine y(11).
-8
Let s(d) = -16*d**3 + 5*d - 5. Calculate s(1).
-16
Let m(c) = -c**3 + 7*c**2 + 9*c - 3. Determine m(8).
5
Let x(s) = s**2 + 3*s + 17. Give x(-4).
21
Let w(p) = -p - 3. Give w(-30).
27
Let g(a) = a - 1. Calculate g(-3).
-4
Let u(f) = -f**2 - 13*f + 4. What is u(-11)?
26
Let g(n) = 5*n + 9. Give g(-4).
-11
Let a(p) = -p**2 - 10*p - 17. Determine a(-7).
4
Let k(m) = m**2 + 41*m + 154. Give k(-37).
6
Let q(y) = 28*y**3 + y. What is q(-1)?
-29
Let g(p) = -p**2 + 6*p - 10. Give g(4).
-2
Let j(l) = -29*l - 1. Give j(1).
-30
Let g(f) = f**3 + 2*f**2 + 9*f - 18. Give g(0).
-18
Let c(r) = 2*r - 5. Give c(-3).
-11
Let h(d) = 3*d - 21. What is h(6)?
-3
Let f(d) = 4*d**2 + 17*d - 10. Calculate f(-5).
5
Let u(g) = -5*g**2 - 2*g - 1. Calculate u(-1).
-4
Let c(w) = -w**3 + 6*w**2 - 4*w + 4. Determine c(4).
20
Let i(o) = 2*o**3 + 26*o**2 - o - 12. Calculate i(-13).
1
Let n(r) = r - 6. What is n(5)?
-1
Let l(q) = -q**3 + 3*q**2 + 2*q + 10